(base 4) to base 16.
-2aeb7c
Convert 49513 (base 10) to base 8.
140551
Convert -c807 (base 14) to base 6.
-423423
3517270 (base 8) to base 4
3221322320
Convert 945a02 (base 12) to base 5.
1044120024
1001052 (base 6) to base 10
46904
What is 3d697b (base 16) in base 3?
21120110211221
Convert 171c82 (base 14) to base 15.
11089b
What is 470600 (base 10) in base 11?
2a1629
Convert 122011414 (base 5) to base 13.
1736c3
What is 1001000111101011001011 (base 2) in base 13?
659245
a7592 (base 16) to base 6
22405230
What is -1173038 (base 10) in base 15?
-182878
What is 683200 (base 13) in base 3?
11122010211201
Convert 1007505 (base 10) to base 13.
293775
What is 30211510 (base 6) in base 11?
535a14
4200131433 (base 5) to base 10
8598993
What is 351346 (base 8) in base 5?
12311101
What is c176b (base 14) in base 4?
1301210303
77131 (base 11) to base 5
12040314
-45c11 (base 13) to base 3
-20110120202
What is -20414224 (base 5) in base 11?
-106750
What is 2003141 (base 6) in base 11?
64704
What is 663664 (base 8) in base 10?
223156
Convert -31213041 (base 5) to base 11.
-166323
Convert 5257b7 (base 14) to base 6.
135335541
2122011101202 (base 3) to base 8
5257573
Convert -3345645 (base 7) to base 11.
-263896
What is 56353 (base 8) in base 7?
126231
Convert -2436364 (base 9) to base 6.
-44211004
Convert -145232305 (base 6) to base 9.
-5662365
Convert -2067112 (base 8) to base 16.
-86e4a
What is -6f278 (base 16) in base 7?
-3604241
736332 (base 8) to base 16
3bcda
What is -10785a1 (base 13) in base 4?
-103033300220
Convert 522470 (base 9) to base 5.
34411322
What is -1011010001110110001000 (base 2) in base 4?
-23101312020
What is 7074 (base 15) in base 12?
1189a
Convert 6b810 (base 14) to base 15.
52a92
Convert 23734 (base 8) to base 5.
311304
What is 13b6807 (base 14) in base 7?
144313410
What is 472240 (base 11) in base 9?
1362272
Convert 9529429 (base 10) to base 12.
3236871
Convert 102011021132 (base 4) to base 16.
48525e
Convert 70b54 (base 16) to base 8.
1605524
1323918 (base 11) to base 4
20232313021
513a6 (base 11) to base 2
10010010100000111
What is 11210002221211 (base 3) in base 12?
a2677a
What is -2100031331 (base 4) in base 2?
-10010000001101111101
What is 405247 (base 8) in base 15?
2999e
Convert 2324123133 (base 5) to base 2.
10100001110010110100100
What is -14bed (base 16) in base 11?
-58929
What is 1253474 (base 10) in base 2?
100110010000001100010
Convert -512450 (base 8) to base 3.
-22121011202
Convert 65f35 (base 16) to base 13.
1180c3
What is -29c3d (base 16) in base 10?
-171069
411553442 (base 6) to base 5
3303404414
Convert 73833 (base 11) to base 10.
107484
Convert -521703 (base 10) to base 12.
-211ab3
-90282 (base 13) to base 3
-111002012210
Convert -33435 (base 7) to base 2.
-10000100000110
Convert -1101000010100001110 (base 2) to base 8.
-1502416
What is 4423673 (base 9) in base 8?
11044135
What is 10000110100001111111 (base 2) in base 8?
2064177
What is 1521443022 (base 6) in base 7?
321340160
What is 10101101011010111010 (base 2) in base 11?
445755
What is -21888 (base 16) in base 9?
-228363
Convert -7511a (base 13) to base 16.
-338a0
-62848 (base 11) to base 3
-11122112221
What is 2844055 (base 10) in base 4?
22312112113
-410124140 (base 5) to base 9
-3077233
23323030 (base 4) to base 11
33774
-14503350 (base 6) to base 14
-d26b0
-103161 (base 9) to base 4
-32332330
ca88 (base 16) to base 12
26008
What is 86018 (base 11) in base 14?
33861
What is bbc15 (base 15) in base 16?
91af0
What is -853953 (base 13) in base 8?
-13720261
What is -2a884 (base 16) in base 8?
-524204
What is 866256 (base 9) in base 5?
113010340
137406 (base 15) to base 8
3443545
-10031413 (base 5) to base 7
-452626
What is 430404124 (base 5) in base 14?
351838
Convert 384262 (base 9) to base 8.
706501
6d11 (base 14) to base 10
19027
-135746 (base 11) to base 14
-57646
207457 (base 9) to base 3
20021111221
Convert 101020212210001 (base 3) to base 12.
19a9a17
What is 3ac96a (base 15) in base 3?
12022121220201
Convert 10000010110111000011100 (base 2) to base 15.
59a7d8
What is -616436 (base 7) in base 14?
-2a656
Convert 5e5b (base 15) to base 10.
20111
Convert -373022 (base 10) to base 13.
-100a30
What is -1511114 (base 6) in base 3?
-11102110201
What is -a4969 (base 12) in base 14?
-58837
What is 19ace (base 16) in base 2?
11001101011001110
Convert -5050205 (base 6) to base 10.
-239837
Convert 408399 (base 10) to base 4.
1203231033
What is -150987 (base 10) in base 6?
-3123003
Convert 564733 (base 8) to base 10.
190939
Convert -8052c (base 16) to base 9.
-881003
Convert 962917 (base 10) to base 16.
eb165
What is -6cd10 (base 15) in base 14?
-90754
Convert -401136 (base 7) to base 15.
-1509c
-18053 (base 16) to base 11
-67a13
What is 49289 (base 16) in base 13?
a6517
What is -c385b3 (base 13) in base 3?
-22120122211020
-3373a31 (base 11) to base 9
-12100813
94911 (base 10) to base 11
65343
What is -20122111202 (base 3) in base 12?
-63892
Convert 186028 (base 9) to base 8.
342341
5504214 (base 8) to base 2
101101000100010001100
What is -122103332 (base 4) in base 6?
-2150542
-15824391 (base 10) to base 9
-32687876
Convert 12954 (base 16) to base 15.
17846
Convert 2015034 (base 8) to base 16.
81a1c
856c8 (base 13) to base 14
639b5
What is 347651 (base 8) in base 11?
811a7
1101100011111111110011 (base 2) to base 11
2009185
-503215 (base 8) to base 4
-220122031
What is -544253 (base 7) in base 6?
-2012255
-92a26a (base 14) to base 3
-100022020111121
What is 40b14b (base 12) in base 3?
1220112200112
8d57b8 (base 15) to base 12
2317318
Convert -523456 (base 7) to base 15.
-1ba6d
What is -c75437 (base 13) in base 3?
-22210010010102
What is -220331 (base 10) in base 15?
-4543b
Convert 153704 (base 10) to base 12.
74b48
Convert -b8a590 (base 12) to base 6.
-142335500
What is 2151899 (base 10) in base 7?
24201521
Convert -101101001101001 (base 2) to base 7.
-124323
-1031231201 (base 5) to base 9
-4140450
What is -2550110 (base 10) in base 9?
-4716075
What is 6a946 (base 11) in base 2?
11000111110010111
Convert 235d99 (base 14) to base 15.
18cab9
-12263582 (base 9) to base 14
-b24aa9
What is -2495939 (base 11) in base 15?
-5a708b
What is 10220010220 (base 3) in base 2?
10010101101101010
Convert -16145114 (base 8) to base 13.
-a04068
What is 1001101102001 (base 3) in base 4?
2020121320
Convert 655264 (base 7) to base 14.
2db34
What is -13020032 (base 4) in base 10?
-29198
What is 101100101000000110011111 (base 2) in base 16?
b2819f
2073045 (base 11) to base 12
1280097
60895 (base 13) to base 5
21012330
-20b601b (base 14) to base 6
-1312102345
-2e03c8 (base 16) to base 13
-8177c1
Convert -2df4e (base 16) to base 3.
-100120012210
What is 39a3a0 (base 12) in base 6?
32214320
141172c (base 14) to base 8
45057014
Convert 1101101001000 (base 2) to base 9.
10520
What is -81826 (base 10) in base 16?
-13fa2
Convert -3436471 (base 9) to base 12.
-755584
Convert -1101010000010 (base 2) to base 10.
-6786
What is -162061 (base 7) in base 2?
-111110011000110
-1aeb97 (base 15) to base 8
-5011244
-501771 (base 8) to base 14
-44117
390866 (base 11) to base 16
9661a
36656c (base 16) to base 4
31212111230
What is 1536356 (base 7) in base 9?
351552
114822 (base 10) to base 5
12133242
What is 2621327 (base 11) in base 13?
c2c861
What is -430635 (base 14) in base 15?
-2ebde7
What is 234433444 (base 6) in base 11?
254aa14
-1311232123 (base 4) to base 16
-75b9b
22003313310 (base 4) to base 15
371650
What is -588410 (base 9) in base 4?
-1112121222
What is -52b509 (base 12) in base 16?
-13eb19
Convert 32044034 (base 6) to base 16.
e54b6
Convert 1210321121 (base 4) to base 11.
262553
1b01c (base 14) to base 2
10000110000010010
What is -10220021022 (base 3) in base 16?
-12bc6
-13200211211 (base 4) to base 14
-393541
Convert 12102012011 (base 3) to base 6.
2141221
Convert 47a0a0 (base 13) to base 15.
23ac84
What is 513120 (base 7) in base 4?
111113220
What is -1402177 (base 9) in base 12?
-3111ba
What is -11011000100101101 (base 2) in base 13?
-3b623
What is -111101110011110100 (base 2) in base 5?
-31100142
4535202 (base 6) to base 4
320102102
Convert -11413443223 (base 5) to base 13.
-2a1c137
-13020256 (base 7) to base 12
-48b847
-84971 (base 14) to base 3
-121021012001
What is 35116400 (base 7)